rime factors of g(z)?
2, 11
Let p(l) = 4*l**2 + 29*l + 12. Let i(h) = 3*h**2 + 30*h + 11. Let v(g) = -3*i(g) + 2*p(g). List the prime factors of v(-14).
3
Suppose -4*o + 3 = -b - 1240, 5 = 5*b. What are the prime factors of o?
311
Suppose -4*c + 9867 + 4105 = 0. What are the prime factors of c?
7, 499
Let d(t) = -t**3 + 12*t**2 - 9*t + 4. Suppose 4*h + c = 3*c + 46, h - 14 = 3*c. List the prime factors of d(h).
2, 13
Let w(p) = -2*p + 9. Suppose 63 = 4*i + t, -6*t = i - 9*t - 19. Let j be w(i). Let h = -12 - j. What are the prime factors of h?
11
Let w be (-1 + -1)*45/(-6). Let k(l) = 5*l + 21. Let m be k(w). Suppose -5*c = -5*f - m - 9, -3*c + 61 = -4*f. What are the prime factors of c?
23
Suppose -5*l = -p + 308 - 5162, 16 = -4*p. What are the prime factors of l?
2, 5, 97
Suppose 12*c - 364 = -w + 10*c, -5*c + 1468 = 4*w. List the prime factors of w.
2, 3, 31
Let j = -2114 - -4328. What are the prime factors of j?
2, 3, 41
Suppose 0*r = -3*b + 5*r + 74, 3*r - 43 = -2*b. Suppose b*u = 16*u + 903. List the prime factors of u.
3, 43
What are the prime factors of 0 + -1 - (-334 + -16)?
349
List the prime factors of (-4 - -2)*((-4412)/8 - -8).
1087
Let p = 27 + -11. Suppose r + p = 3*r. Suppose -4*n + 52 = r. What are the prime factors of n?
11
Suppose -4230 = 20*q - 19150. What are the prime factors of q?
2, 373
Suppose -3*j - 8 = -7*j, 0 = -5*l + 5*j. Let i = 35 + -28. Suppose i*x = l*x + 65. What are the prime factors of x?
13
Suppose -5*o = -11*o + 24. Suppose 3*c + o*l - 147 = 39, 3*c = -3*l + 183. What are the prime factors of c?
2, 29
Let o(f) = 159*f**2 - 9*f + 3. What are the prime factors of o(2)?
3, 23
What are the prime factors of -4 - -2 - -2 - (-234 + -7)?
241
Suppose -67*u = -68*u + 595. What are the prime factors of u?
5, 7, 17
Let g = 72 - 38. Let v = g + -27. Suppose o - v*o + 198 = 0. What are the prime factors of o?
3, 11
Let t = -31 - -234. What are the prime factors of t?
7, 29
Let u(r) = -r**2 - 5*r - 1. Let w be u(-4). Suppose 165 = 3*l + w*j, 2*l - 119 + 29 = 3*j. List the prime factors of l.
3, 17
Let b(g) = 19*g + 11. Let u(w) = w + 1. Let n(h) = 2*b(h) - 18*u(h). What are the prime factors of n(1)?
2, 3
Let u(p) = p**2 + 25*p + 215. What are the prime factors of u(-25)?
5, 43
Suppose 2*w - w = -3*k - 16, -2*w - 32 = -2*k. Let g = 22 + w. Suppose 3*u + 21 = g*u. List the prime factors of u.
7
Suppose -3*x + x = 4*z + 46, z + 8 = -4*x. Let t = -45 + 63. Let v = z + t. List the prime factors of v.
2, 3
Let a be (-2 - -4) + (-36)/4. What are the prime factors of 456/42*a/(-2)?
2, 19
Suppose -117*u + 42940 = -4*u. List the prime factors of u.
2, 5, 19
Let a(t) = t**3 + 7*t**2 + 2*t + 2. Let r = 13 + -2. Let f = -17 + r. List the prime factors of a(f).
2, 13
Let s(f) = f**2 - 4*f + 1233. What are the prime factors of s(0)?
3, 137
Let w(b) be the third derivative of b**5/20 - b**4/4 - b**3/6 - b**2. Suppose 5*h = 2*n + 27, h - 3*h - 3*n = -7. List the prime factors of w(h).
2, 11
Let x(y) = 2*y**3 + 4*y**2 + 7*y - 1. Let r be x(-3). What are the prime factors of 40 + r - 2/((-2)/51)?
3, 17
Let w = 25 - -198. Suppose -728 = -5*a - w. What are the prime factors of a?
101
Let w = -549 - -1106. List the prime factors of w.
557
Let j = 474 + -426. What are the prime factors of j?
2, 3
Let l = 547 - 7. List the prime factors of l.
2, 3, 5
Let u(v) = -2*v**2 - 14*v. Let i be u(-7). Suppose 5*s = 3*l + 106 + 29, 3*s - l - 81 = i. List the prime factors of s.
3
Let d = 11 - 5. Suppose d*y = 4*y. Suppose -3*g - 2*g + 240 = y. List the prime factors of g.
2, 3
What are the prime factors of (2/(-3))/(2*(-5)/1335)?
89
Let m(w) = 16*w**2 - 20*w + 30. What are the prime factors of m(6)?
2, 3
Let q be (-10)/15*(-18)/4. Suppose -5*o + 1 - q = d, 4*o + 3*d = 5. List the prime factors of ((-3)/o)/(6/98).
7
What are the prime factors of (-84)/(-224) + (-1413)/(-8)?
3, 59
Let o(d) = 6*d - 13. Let w be o(2). Let a(q) = -7*q + 0*q - 3*q. List the prime factors of a(w).
2, 5
Suppose 3*r = 19 + 23. Suppose 9*u + 745 = r*u. What are the prime factors of u?
149
Let t = -39 - -63. Suppose 0 = -3*i - 0*i + 4*u + t, -2*i = 5*u - 16. List the prime factors of i.
2
Let i = -50 - -105. Let d = i + 88. What are the prime factors of d?
11, 13
Let t be (1*-1)/(4/(-24)). Suppose 3*q = -t, 4*q + 14 = -4*v + q. List the prime factors of (1/v)/((-2)/24).
2, 3
What are the prime factors of (-33 - -1)*((0 - 28) + -3)?
2, 31
Let l be (204/(-85))/(3/(-10)). Let u = 33 + l. What are the prime factors of u?
41
List the prime factors of -2 - 3*(-1475)/15.
293
Let q be (30/(-9))/(2/(-3)). Suppose -v + 2*s = -31, v + s - 21 = q*s. List the prime factors of v.
41
Let c(w) = 25*w**2 + 38*w - 1. List the prime factors of c(-5).
2, 7, 31
Let r be 1*(17/(-51))/((-1)/6). Suppose -4*d = -2*s - 230, -2*s + 0 - r = 0. What are the prime factors of d?
3, 19
Suppose 0 = 26*o - 24*o - 1764. What are the prime factors of o?
2, 3, 7
Let t = 5749 - 2536. What are the prime factors of t?
3, 7, 17
Let x = -20 - -25. Suppose 2*p - 10 = 0, -a - x*p = -3*a + 71. List the prime factors of a.
2, 3
Let y(m) = -m + 5. Let v be y(-5). What are the prime factors of (-33)/(-6)*v*1?
5, 11
Let v = -9 - -9. Suppose 3*s - 6 - 42 = v. Suppose -6 = -p + s. What are the prime factors of p?
2, 11
Let s(t) = -2*t**3 - 6*t**2 - 9*t + 15. List the prime factors of s(-12).
3, 5, 181
Let g(r) = r**2 - 11*r + 15. Let j be g(9). Let w(k) = -4*k**3 + 2*k**2 - 7*k - 11. What are the prime factors of w(j)?
2, 17
Suppose 4*x + k = -k + 14, -2*x + 5*k + 1 = 0. Suppose -c + 3*c - 72 = -n, -2*n - x*c + 146 = 0. List the prime factors of n.
2, 19
Suppose 3*u - 8*u - 5 = 0, -u = x - 94. Let i = x - 52. List the prime factors of (i/1 + 0)/1.
43
Let t be -236*3*(-4)/(-6). Let w = t - -728. What are the prime factors of w/14 - (-4)/(-14)?
2, 3
Suppose -6*z + 300 = -2*z + 2*o, 2*o = 3*z - 225. List the prime factors of z.
3, 5
Let j(l) = -l**3 + 4*l**2 - 2*l - 1. Let h be j(3). Suppose 0 = -3*z + 179 - h. Let p = z - 25. List the prime factors of p.
2, 17
Suppose 20 = 3*r + 2*r. Let h be (-2)/((-3)/(1284/8)) + 0. Suppose -r*m + h = 27. What are the prime factors of m?
2, 5
What are the prime factors of 3380/32 - (-9)/24?
2, 53
Suppose -5*i + 160 + 115 = 0. Let q be 1111/i + (-1)/5. Suppose 0 = -k - 1 + q. List the prime factors of k.
19
Suppose -1 = 3*x - 10. Suppose -l = -0*q + q - 9, -l + 17 = -x*q. Let j = l - -33. What are the prime factors of j?
2, 11
Let a(m) = m**3 + 2*m**2 - 1. Let t be a(-1). Suppose 3*c + 4 = -2*d, 5*d + t*c - 2*c - 28 = 0. Suppose -d*k = -9 - 11. List the prime factors of k.
5
Let k(c) = c**3 + 20*c**2 + 10*c + 52. What are the prime factors of k(-10)?
2, 7, 17
Let z(i) = -54*i**2 + 5*i + 22. Let o(t) = 18*t**2 - 2*t - 7. Let c(d) = -17*o(d) - 6*z(d). What are the prime factors of c(3)?
7, 23
Let q = 462 - 212. List the prime factors of q.
2, 5
Suppose 1 = -s + 3. Suppose 0 = -s*q + 80 - 2. List the prime factors of q.
3, 13
Let g = -42 + 131. Let z = -14 + g. List the prime factors of z.
3, 5
Let s be 1*538 + -10 + 15. Let w = -270 + s. List the prime factors of w.
3, 7, 13
Suppose 8208 - 54080 = -16*z. What are the prime factors of z?
47, 61
Let s(j) = 298*j - 856. What are the prime factors of s(15)?
2, 13, 139
Suppose -935 + 2999 = 6*f. List the prime factors of f.
2, 43
Suppose i - 219 = 330. List the prime factors of i.
3, 61
What are the prime factors of 169332/44 + (180/33)/10?
3, 1283
Suppose 2*y + 3*i = 2*i + 226, 0 = -2*i. List the prime factors of y.
113
Let w = -5115 + 8639. List the prime factors of w.
2, 881
Suppose -3*y = -y - 22. Suppose 12*t + 0*t - 252 = 0. Let c = t - y. List the prime factors of c.
2, 5
Suppose 0 = 3*j - 2*a - 59, 0*a = a - 2. List the prime factors of (-2236)/(-14) + 6/j.
2, 5
Let g(j) = j**3 - 8*j**2 + 8*j + 16. Let q be g(7). What are the prime factors of q + 0 - (-8 + 10)?
3, 7
Let j = 1999 + -1291. List the prime factors of j.
2, 3, 59
Let d = 4 - 7. Let f be 5/(-10)*12/d. Suppose 13 = 5*s - 4*s - f*j, -28 = -2*s + 5*j. What are the prime factors of s?
3
Let i = -188 - -372. Suppose -3*h + i + 23 = 0. Suppose -130 = -2*w - 3*w - 5*y, 4*w = 3*y + h. What are the prime factors of w?
3, 7
Suppose 0*x + 36 = 4*x. Let a = x + -19. Let r = a - -16. What are t